
6
Calculate (3 - 0) + (6 - 6) - 3.
0
Evaluate -1 + -2 + -3 + 0 - -4.
-2
-5 - -9 - 3 - (0 - 4)
5
What is the value of (1 - 3) + 5 + -5 + 1?
-1
What is the value of 9 + (-2 - 5 - -4)?
6
Calculate (-14 - (-3 + -4)) + 8.
1
What is the value of 12 - 18 - (-10 + -2)?
6
Evaluate -2 - (-5 + (2 - -12) + -5).
-6
Calculate (-6 - -3) + (0 - 1 - -1).
-3
What is the value of (-19 + 44 - 22) + (-1 - 6)?
-4
Evaluate -3 - 1 - -4 - 0 - 3.
-3
Calculate 0 + 3 + 0 + -3.
0
What is the value of -1 + 6 + 2 + -5?
2
Evaluate 8 + -4 - (-10 - -15).
-1
What is -4 + 2 + -5 + (14 - 2)?
5
Calculate 1 - (17 + -14 + -13).
11
12 - 14 - (-2 - -2 - -1)
-3
What is the value of (4 + -2 - -6) + -4 + -10?
-6
Evaluate (6 - 5 - 4) + 8 - 7.
-2
Calculate 1 - (6 + -4) - (-1 + 2).
-2
What is -6 - -7 - (-4 - -3)?
2
What is -10 - -10 - (-1 + 4)?
-3
Evaluate -13 + 7 - (-5 - -3).
-4
What is the value of 16 + -19 + (0 - -7)?
4
What is (-3 - -8) + (7 - 7) - -3?
8
What is the value of -4 + 1 + 0 - (-1 + 3)?
-5
(1 - (-3 - -2)) + 0 + 1
3
What is 2 - 1 - 1 - -1?
1
56 + -48 + -1 + -12
-5
Evaluate -7 + (4 - 0) + (26 - 20).
3
Calculate (0 - 5) + (18 - 13) - -5.
5
-5 + -5 + (11 - 3)
-2
Evaluate 1 - (-1 + 2) - (-4 + -1).
5
Calculate 3 - (-1 - (-1 - -1)).
4
Evaluate 3 + 10 + 5 + -13.
5
(-2 + 0 + 1 - -2) + -5
-4
-3 + 6 + (-4 - 1)
-2
What is the value of (-15 - -12) + -1 + 2?
-2
What is the value of 4 + (5 - (3 - 5 - -4))?
7
Evaluate 3 - -1 - (2 - 6 - -5).
3
Evaluate 5 - (5 + -2) - 6.
-4
-1 + -2 + 1 - (-40 + 40)
-2
Evaluate (0 - (12 + -7)) + 2.
-3
What is (1 + 2 - 0) + -3?
0
(53 - 41) + -12 + 2
2
What is 2 - (-2 + 0 - 1)?
5
What is -1 + 3 + (-12 - -3) + 3?
-4
Calculate 0 + -2 - (8 - 10).
0
3 - (27 + -14 + -1)
-9
-7 + (-7 + 10 + -3 - -4)
-3
Calculate -8 - (-2 - 14) - 3.
5
-4 - ((6 - 9) + (2 - -2))
-5
-4 + -12 + 5 - -7
-4
5 + 3 + 2 + -18 + 3
-5
Evaluate 3 - (5 - ((4 - 1) + -4)).
-3
What is -1 + -4 + (4 + 8 - 1)?
6
Calculate -2 - ((2 - 7) + -1).
4
Calculate 15 + -11 + 3 - 11.
-4
Evaluate -1 + 0 + -11 + 8.
-4
What is the value of 5 + 0 + (216 - 211)?
10
Evaluate -5 + (3 - 2) - -8.
4
Calculate (1 - 5) + 2 + -3.
-5
7 + -13 - -6 - (1 + 2)
-3
What is (6 - 2) + -26 + 27?
5
What is 0 - 6 - (-14 - (-24 - -13))?
-3
What is -1 + (0 - -2) - (12 + -10)?
-1
What is -6 + (2 - 2) + -155 + 155?
-6
-12 + -7 + 13 + 0 + 0
-6
Calculate 5 + (4 - 3 - (0 - -4)).
2
25 + -20 - (-1 + -2 + 3)
5
(-8 - -3 - -1) + 3
-1
What is (7 - 0 - 5) + -3?
-1
What is the value of 48 - 44 - (0 - (2 - -1))?
7
Calculate 7 - (-11 + 6 - -15).
-3
-2 - 2 - (-2 - -2)
-4
What is the value of (-2 - -5) + (-5 - -6)?
4
Evaluate -11 + 10 + (11 - 12).
-2
What is (-19 - -3) + 8 + 10?
2
(-1 + 4 - -2) + -9
-4
What is the value of 1 + 2 + (-3 - 5) + 0?
-5
What is 3 + -7 + -3 + 8?
1
What is (5 - 7) + -6 + 2?
-6
(11 - 7) + (-1 - -1)
4
What is the value of 0 - ((3 - 4) + 10 + -11)?
2
What is 1 + (7 - (8 + -2))?
2
Evaluate 6 + -3 - (3 - -1).
-1
(8 + -1 - -3) + -5
5
Evaluate 7 - (1 - (0 + 1)) - 3.
4
Evaluate (-3 - -2) + (-2 - 12 - -13).
-2
What is (-1 - -1 - 3) + 1 + 7?
5
Evaluate 8 - 9 - (11 - (5 + -2)).
-9
0 - 3 - (-13 + 7 - 1)
4
-15 + (-6 - -4 - -11)
-6
What is (-1 + -5 - -3) + 9?
6
Evaluate -4 + (-2 - 1) + 4.
-3
What is (-1 - 4) + 11 + -4?
2
What is the value of (3 - 8 - 2) + -25 + 23?
-9
What is the value of -3 + 10 - ((0 - 3) + 8)?
2
Evaluate -5 + 3 + 2 + -4.
-4
Evaluate (-3 - -4) + (0 - -2).
3
What is the value of 1 + 0 + -49 + 46?
-2
What is (6 - ((2 - 2) + 3)) + -7?
-4
Calculate 0 + 5 + -9 + 2 + 0.
-2
Calculate 0 - (3 + 0) - (-1 - 0).
-2
-4 + (-5 - -9) - 4
-4
Evaluate 0 + 4 + -27 + 16.
-7
-2 + 3 + -10 + 4
-5
What is (4 - 7) + (2 - (-1 - 0))?
0
What is the value of (7 - 8) + -6 - (2 + -6)?
-3
Evaluate 3 + 6 - (4 - -2).
3
Calculate -14 - (1 - 3) - (-13 - -10).
-9
What is 8 + -4 - (-1 - -2)?
3
-5 - (-1 - 2 - (-1 + 8))
5
What is the value of -8 + 7 + -9 - (1 + -6)?
-5
Calculate 8 + (0 - -1 - (30 - 15)).
-6
What is the value of -10 + 13 + (-1 - -3)?
5
Evaluate 0 - (-5 + 3) - -3.
5
What is -8 - (0 + -4) - -3?
-1
Calculate -2 - (83 + -88 + 0 + 8).
-5
What is -8 + 1 - (47 + -53) - 5?
-6
(6 - -3) + -3 + -8
-2
Calculate 9 + -7 + 3 + (-2 - 3).
0
What is the value of 4 + (1 - 2) + 2 + 0?
5
What is the value of 59 - 72 - (-10 - 1)?
-2
Evaluate 14 + (-15 - -4) + -1 + -2.
0
Evaluate 2 + (6 - (-5 + 8)).
5
Calculate 2 + (-6 - (1 - 0)).
-5
Evaluate 1 + (1 - 9) + (-11 - -14).
-4
Calculate 9 + -5 + (-1 - 1) + 5.
7
What is 2 - (-5 - -7) - 1?
-1
Evaluate (-3 - (5 + -3)) + 13 - 1.
7
Evaluate -14 - -18 - (-2 - -4 - 2).
4
Evaluate 0 + 7 - (5 + (-6 - -3)).
5
What is the value of 5 + -1 - (0 - 4 - -10)?
-2
Calculate (-1 - 2) + (-33 - -37).
1
Evaluate -3 + 1 - (98 - 95).
-5
Calculate 2 + 1 - (11 - (5 + 10)).
7
What is (-22 - -14) + -4 + 12?
0
What is 0 - (1 + 3) - -5?
1
Evaluate 11 + 4 + 6 + -15.
6
What is -357 - -365 - (6 - (1 - 1))?
2
What is the value of -3 - (-13 + (4 - -1))?
5
Evaluate -4 + 2 + -1 + -2.
-5
What is the value of -2 + (-1 - 8) - (91 - 96)?
-6
What is the value of 0 + -7 + 19 + -7?
5
Calculate 28 + -10 + -7 - 7.
4
Evaluate (-6 - (1 - 4)) + 7 + -9.
-5
2 - ((-2 - -11) + -4)
-3
Calculate -6 - -2 - 0 - 0.
-4
Calculate 1 + (2 - 5 - -5) - 0.
3
What is the value of (1 + 2 - 2) + 1 + -1?
1
Evaluate (12 - (-9 + 10)) + -10.
1
5 + 2 + (-3 + 0 - 3)
1
What is the value of -2 - (5 - -2 - (2 + 2))?
-5
Calculate 7 - (-4 + 10) - (-1 + -1).
3
Calculate -27 + (19 - 4) + 4.
-8
Calculate 6 + (7 + -14 - (-3 - 1)).
3
Evaluate 7 - (0 + 1 - (-24 + 21)).
3
(-1 - (-12 + 6)) + -4
1
What is the value of -8 - -4 - (1 + 0)?
-5
What is (8 - 1) + (-59 - -52) + 2?
2
Calculate -2 + -2 + (6 - 3).
-1
Evaluate -13 + -3 + 3 + 7.
-6
(0 - 1) + 106 + -107
-2
What is the value of 5 + -7 - 0 - (0 + 2)?
-4
Calculate -7 - (16 - 24) - (1 - -1).
-1
Evaluate 12 + -18 - (0 - 4).
-2
Calculate -3 + -1 - (-4 - -4 - -3).
-7
Calculate 0 - (-20 + (2 - -8)).
10
Evaluate 4 + (7 - 8) + 0.
3
Calculate 4 - (8 + 6 + -6).
-4
Calculate 1 + (1 + -6 - -2).
-2
What is the value of 2 - ((6 - 16) + 18)?
-6
What is the value of 5 + (0 - -6 - 14)?
-3
What is the value of -1 - ((-1 - 2 - -2) + -3)?
3
Evaluate -1 + 0 + -5 + 11.
5
Evaluate -2 - ((2 - 0) + -3) - -5.
4
Evaluate -15 - (-11 + 3) - 1.
-8
-3 + 0 - (-3 - -1) - 3
-4
What is -2 + (1 - (1 - (-1 + -1)))?
-4
1 - (0 - 1 - 3)
5
What is the value of -13 + (14 - (-17 - -11))?
7
5 - -2 - 3 - (6 - 1)
-1
What is the value of (-4 - 1) + 4 - -4 - 3?
0
16 + -5 + -26 + 7
-8
Evaluate -3 + 1 + 2 + 4.
4
What is the value of 2 + -2 - 0 - 4?
-4
What is the value of 111 + -101 - (1 + 16)?
-7
What is the value of -4 - (-5 - (-6 - -4))?
-1
What is the value of -20 + 4 + 8 + 11?
3
5 + (-6 - -3 - 10) + 3
-5
-12 + 21 + (0 - 1 - 4)
4
Calculate 0 + -6 + 8 + 2.
4
Evaluate -49 - -38 - (2 + -14).
1
Evaluate 6 - (0 + -2) - 4.
4
Evaluate (2 - 1) + -1 + 5.
5
What is -2 + 4 + -5 - 0?
-3
What is -8 + 1 + -12 + 23?
4
Evaluate 1 - 3 - (2 + -6).
2
What is the value of 1 - -2 - 0 - (6 - 2)?
-1
Calculate -8 - (3 + (2 - (-5 - -15))).
-3
Calculate 2 + -16 + -3 + 9 + 5.
-3
What is -31 + 28 - (0 - -2 - 2)?
-3
(-3 - (6 + (-11 - 1))) + -4
-1
-10 + 5 + (5 + -2 - -5)
3
Calculate -5 + -1 + (3 - 0).
-3
What is the value of 9 + -6 + -2 + -1?
0
Evaluate -10 + 4 + -2 + 9.
1
What is the value of (0 - 0) + (-1 + 8 - 4)?
3
What is the value of 1 + -2 + 5 + (-8 - 0)?
-4
Calculate 4 + -1 + 4 + -1 + -1.
5
Evaluate (2 + (2 - 2) - -1) + -1.
2
What is the value of 1 - ((7 - 4) + (-9 - -3))?
4
-4 - (-3 - (1 + 3 + 0))
3
What is 0 - (2 - -2) - -9?
5
What is -12 - ((0 - 3) + -19 + 19)?
-9
What is the value of (-7 + 0 - -3) + 5?
1
Evaluate 8 + -7 + 9 + -4.
6
Evaluate -2 + -2 - -10 - (-12 - -20).
-2
What is the value of 14 + -7 + (1 - 3)?
5
What is the value of -1 + -3 - -5 - 4?
-3
What is the value of -3 - ((4 + -8 - -3) + -2)?
0
What is the value of -27 + 17 + (13 - 0)?
3
What is -13 + 7 + (3 - -1)?
-2
-9 - -6 - (-1 - -2)
-4
Evaluate -7 - (5 - (-5 + 23)).
6
What is 6 + (5 - 11) - -5?
5
Calculate 3 + 2 + (1 - 7).
-1
Calculate (-14 - -14) + (-1 - -1) + -5.
-5
Calculate 3 + (-9 - 0) + -5 - -6.
-5
Calculate 8 + -14 + (-1 - -13).
6
What is the value of 6 - 7 - (2 + 2 + 0)?
-5
(-5 + 0 - (-31 + 25)) + -2
-1
What is the value of -4 + (0 - 7) + 9?
-2
Calculate 0 - 1 - (0 - 1).
0
Evaluate 12 + -17 + 8 - (0 - -8).
-5
Evaluate 6 + (-12 - -8) + -7.
-5
What is 5